 j*n + 1451 = 230, 0 = 4*s + 2*n - 2402. List the prime factors of s.
3, 67
Suppose 143638 = 5*a - 2*t, 9*a + 13750 = 3*t + 272296. List the prime factors of a.
2, 53, 271
Let f(n) = n**3 - 29*n**2 + 167*n - 3. Let y be f(23). Suppose 5*s + y = 6434. List the prime factors of s.
2, 577
Let p = 152559 + -80866. List the prime factors of p.
71693
Let k = -70898 + 134920. List the prime factors of k.
2, 7, 17, 269
What are the prime factors of 3/(-9)*-33933*(-14 - -15)?
11311
Let l(g) = -3*g**3 - 42*g**2 - 476*g + 49. List the prime factors of l(-29).
2, 25849
Let n(v) = -112*v**3 - 4*v**2 - 2*v + 1. Let j be n(-2). Let g be 8 + -8 - 8/(32/12) - -990. Suppose -j - g = -16*m. List the prime factors of m.
3, 13
Let x(d) = -10*d**2 + 617*d + 131. What are the prime factors of x(57)?
2, 5, 281
Let u(r) = 10543*r - 2692. List the prime factors of u(4).
2, 3, 5, 7, 47
Let b(f) = -10*f + 3*f**3 - f**2 + 13*f - 2*f**2 + 2. List the prime factors of b(3).
5, 13
Suppose -653 = -14*c + 201. Suppose 0 = 64*s - c*s - 1623. List the prime factors of s.
541
Let r = 39 - 43. Let k be (4 + 4)/r + 6. Suppose -v + k*a = -87, -5*a = -4*v + 396 - 48. List the prime factors of v.
3, 29
Let n = -1763 - -6430. List the prime factors of n.
13, 359
Let k(l) = 19*l**3 + 3*l**2 - 190*l + 1227. What are the prime factors of k(6)?
3, 1433
Let n be (51/(-21) - -3)/(6/21). Suppose 0 = -n*u + 8 - 0. Suppose 0 = f - u*q - 29 - 28, 288 = 4*f - 4*q. List the prime factors of f.
7, 11
Suppose -2*m - 9 - 11 = 0. Let a(n) = n**3 + 10*n**2 - 3*n + 1. Let r be a(m). What are the prime factors of r*3 - (-44)/(-11)?
89
Suppose 2 = -r, -4*r - 53 = 5*g + 25. Let b be (g/35)/((-1)/155). List the prime factors of -3 + 6 + b + 4 + -1.
2, 17
Let w(k) be the third derivative of -k**6/120 + k**5/5 + k**4/2 + 13*k**3/6 - 8*k**2. Let y be w(13). What are the prime factors of (4 + -1)*(13 + (-4 - y))?
3
Let w = -4895 + 9514. What are the prime factors of w?
31, 149
Let c(m) = -m**3 + 3*m**2 - 4*m + 16. Let z be c(3). Suppose z*w = -y + 1388, -w + 0*w = y - 350. List the prime factors of w.
2, 173
Let v(j) = 413*j + 668. What are the prime factors of v(0)?
2, 167
Suppose -5*c + 2 = -4*c. Suppose 3*d - 2*d = c. Suppose -m + 87 = 2*a - 0*a, 2*m - d = 0. List the prime factors of a.
43
Suppose -2*n = 5*z - 1817, z - 577 = n - 208. What are the prime factors of z - (3 + 0/(-4 + 5))?
2, 181
Suppose -3*d - 30 = -4*a, 4*d - 12 = -4. Let l(f) = -f**3 + 10*f**2 - 5*f - 31. Let b be l(a). What are the prime factors of b*24/(-20)*-16?
2, 3
Suppose -5*s = p - 2*p - 1452, -3*s = 2*p - 866. Suppose -5*w - 815 = 210. Let d = w + s. What are the prime factors of d?
5, 17
Suppose -10169 - 9007 = 4*o. Let f be o/(-21) - (1 + (-15)/21). Suppose -n + f = 4*b - b, 0 = -b - 5*n + 76. List the prime factors of b.
2, 19
Suppose 0 = -4*a - 5*a + 3690. Suppose 0 = 10*b - 5*b - a. Suppose -p + 10*c - 5*c + b = 0, 0 = -p - 4*c + 91. List the prime factors of p.
3, 29
Let v = -5 - -5. Let i be -7 + (0 - 3 - -12). Suppose v*g + i*g = 162. List the prime factors of g.
3
Let r = -4068 - -7173. What are the prime factors of r?
3, 5, 23
Let z = 20354 + -6507. What are the prime factors of z?
61, 227
Let b(c) = 415*c + 346. What are the prime factors of b(18)?
2, 977
Suppose 4*d = -5*b + 3*d - 8046, 4*d + 3222 = -2*b. Let i = 3360 + b. List the prime factors of i.
17, 103
Suppose -17*g - 3334 = -21*g + 8942. What are the prime factors of g?
3, 11, 31
Let o(v) = -v**3 + v**2 - v + 1. Let k(y) = -5*y**3 + 6*y**2 + 28*y + 12. Let w(s) = -k(s) + 3*o(s). What are the prime factors of w(7)?
313
Suppose 3*k + 13626 = 3*j, 0 = 105*j - 106*j - 5*k + 4512. What are the prime factors of j?
13, 349
Let k = -442 + 731. Let l = -17875 + 17880. Suppose -l*n + k = -546. List the prime factors of n.
167
List the prime factors of 2195/(-878) - (-35133)/2.
2, 4391
Suppose 5377 = 4*s + 3*d, 3*s - 2*s - 1358 = 2*d. Let c = s + -559. List the prime factors of c.
3, 263
Let v(y) = -139*y + 59. Let c be (1 - (-5)/((-25)/(-30)))*-1. List the prime factors of v(c).
2, 3, 43
Let j(d) = -8*d**2 - 64*d + 6. Let m be j(-8). Suppose 3169 + 2885 = m*c. What are the prime factors of c?
1009
Let j be 1/(-10) - (-70461)/(-90). Let u = j + 2097. What are the prime factors of u?
2, 3, 73
Let a = -7184 - -14324. What are the prime factors of a?
2, 3, 5, 7, 17
Let a(y) = y**3 + 18*y**2 - 10*y - 19. Let k be a(-18). Let m be 15/(-3) + 7 + -2. Suppose n + 2*b - 158 = m, 0*n + n - k = -3*b. List the prime factors of n.
2, 19
Suppose -4*t + 4182 + 2010 = 0. Suppose h - t = -h. Suppose 3*o = -7*z + 6*z + h, 4*z + 245 = o. What are the prime factors of o?
257
Let d(m) = -5*m - 159. Let r(l) = l**2. Let n(x) = -d(x) + 3*r(x). What are the prime factors of n(-14)?
677
Let u(z) = -35*z + 9. Let l = -4 - -6. Suppose 31 - 21 = -l*y. What are the prime factors of u(y)?
2, 23
Suppose -28453 = -16*m + 13465 + 11986. List the prime factors of m.
3, 1123
Let r be (-875)/(-21) + (-4)/(-3). Suppose -13*o - 19170 = -r*o. List the prime factors of o.
3, 71
Let j(z) = 5*z**3 + 43*z**2 - 19*z - 16. Let i(u) = -11*u**3 - 87*u**2 + 39*u + 32. Let n(h) = -6*i(h) - 13*j(h). List the prime factors of n(37).
7, 71
Let c(y) = -2186*y - 1986. List the prime factors of c(-10).
2, 19, 523
Suppose 3*j = 14 + 10. Suppose -9*o + 5*o = -j. Suppose 2*d = -o*u + 120, -d = -5*u + d + 272. What are the prime factors of u?
2, 7
Suppose 0 = -w + 2*i + 1447, -4*i + 5969 - 241 = 4*w. Suppose -3*t - 2*a = a + 858, 0 = -5*t + 2*a - w. Let y = t - -432. List the prime factors of y.
5, 29
Let g be -2*(6/4 + -3). Suppose 51 = 3*r - 5*j, 0*j - 21 = -g*r - 5*j. List the prime factors of 2 + (-950)/(-8) + (-9)/r.
2, 3, 5
Let i(o) = -3*o - 4. Let b(c) = -7*c - 9. Let f(g) = 4*b(g) - 7*i(g). Let u(t) = -20*t - 24. Let m(j) = -10*f(j) + 3*u(j). List the prime factors of m(4).
2, 3
Let a be 3/((-3)/(-4)) + 348/(-12). Let o = a + 22. List the prime factors of (o*4/(-30))/(15/9975).
2, 7, 19
Let h = -671 + 961. Suppose 4*d - h = -18. List the prime factors of d.
2, 17
Let a(z) = -191*z - 298. Let u be a(5). Let k = -289 - u. What are the prime factors of k?
2, 241
Let r = 215 - -114. Suppose -s + r = 18. What are the prime factors of s?
311
Let l(f) = 15*f + 96. Let y be l(-7). What are the prime factors of 4 + (-27)/(-2)*(-24)/y?
2, 5
Suppose -5*c = -3*d + 15112, 7*d + 10082 = 9*d + 4*c. What are the prime factors of d?
5039
Let c = 383 + -283. Let p = c + 56. What are the prime factors of p?
2, 3, 13
Let s = 380 + -607. Let m = s + 1269. What are the prime factors of m?
2, 521
Let v(b) = -7*b + 353. Let w be v(0). Let d be (-2 - (-3 + 0)) + w + -1. Let y = d + -184. List the prime factors of y.
13
Let f(j) = 6*j**2 - 57*j + 276. What are the prime factors of f(6)?
2, 3, 5
Let z be (-3)/2 - (-14)/(-8)*-6. Let a be (-6)/z + ((-1120)/(-12))/8. Let q = a + 142. What are the prime factors of q?
3, 17
Suppose b + 3*b = 76. Let x = 29 - b. List the prime factors of x/(18/(-81) + 34/72).
2, 5
Suppose -3*r - 6*r + 18 = 0. Suppose -x = d - 3, -d + 3*x = r*d - 9. Suppose 2*o + 100 = 4*g, 0 = -d*g + 3*o + 17 + 52. What are the prime factors of g?
3
Let u = -15004 + 46542. What are the prime factors of u?
2, 13, 1213
Suppose -34*v + 15*v - 114 = 0. Let u(d) = 12*d**2 - 20*d - 57. What are the prime factors of u(v)?
3, 5, 11
Let q = 35 - -14. Suppose 215 + q = 12*r. Suppose -r*f = -23*f + 63. List the prime factors of f.
3, 7
Let a = -117 + 165. Suppose -a*k + 3240 = -38*k. What are the prime factors of k?
2, 3
Suppose 0*l - 5*l = -15. Let a(z) = -z**3 - 4*z + 44*z**2 + 9*z**3 + 3 - 1 - 47*z**2. What are the prime factors of a(l)?
179
Let a = 9051 + 1002. List the prime factors of a.
3, 1117
Suppose -3*b + 706 = 15*z - 14*z, -b - z = -232. What are the prime factors of b?
3, 79
Let q(f) = 235*f + 18. Let k be q(-3). Let a = -81 - k. List the prime factors of a.
2, 3, 101
What are the prime factors of 15/(-450)*6 + 0 + 49191/5?
2, 4919
Suppose 0 = -7*y - 10*y - 1785. List the prime factors of (45/y)/(3/(-63)).
3
Suppose f = -f - 36. Let q be ((f/(-4))/(-3))/((-9)/60). Let t = q + 18. What are the prime factors of t?
2, 7
Suppose 471 = -246*r + 247*r. Let g = r + 105. List the prime factors of g.
2, 3
Suppose -25*s = -254123 + 17198. List